alculate (-19 - -6 - -24) + 5 + 1.
17
Evaluate -2 + 11 - (36 - (99 + -57)).
15
What is the value of 6 + 8 + -12 - 26?
-24
What is (0 - -48) + -446 + 422?
24
What is the value of (-212 - -205) + (4 - 2 - -1)?
-4
What is the value of 2 + 0 + (-50 - -39 - (-8 - 1))?
0
(-210 - -232) + -2 + -3 + -8
9
What is 43 + -15 + -2 + -46?
-20
What is the value of 4 + -25 - -18 - (-7 + 0)?
4
Calculate (-19 - (-3 - 2)) + (2 - 8).
-20
Evaluate (3 + -4 - (-8 - 1)) + -16 + 8.
0
(-63 - -79) + -44 + 5
-23
18 + 16 + -28 + -16
-10
What is 18 + 8 + -4 - 21?
1
(2 - 10) + 20 + 8 + -11 + -13
-4
Calculate 97 + -101 - (-6 + 6 - 7).
3
Evaluate -2 + (-6 - -26) + -3.
15
Calculate -6 - (-7 - (1 + -6) - -3 - 7).
0
-2 + 9 + -2 - 15
-10
Calculate -2 + 16 + (2 - 12).
4
What is the value of (-177 - -181) + (-3 - -1) - (8 - 1)?
-5
What is the value of 8 + (-20 - (-9 + 1))?
-4
Evaluate -16 - (-5 + (4 - -7) - 13).
-9
Calculate 270 + -279 - (-2 - (0 + -2)).
-9
Calculate (5 - -1) + -4 - (6 - 5) - -5.
6
What is (4 - -2) + 8 + -32 + 10?
-8
13 + 4 + (0 - 10) - 8
-1
Evaluate 63 + (-105 - -28) + 1 + -1 + -10.
-24
What is the value of 7 - 2 - (-29 + (-25 - -48))?
11
What is the value of 12 + (-4 - -5) + -24 - -9?
-2
1 + 16 + (8 + -9 - 9) + -7
0
What is the value of (2 - -3) + -4 + 21 + -15?
7
What is 27 - (-44 + 59) - (4 + 1)?
7
What is the value of -1 + -13 + 0 - -43 - 8?
21
Calculate -4 + -4 + 2 + 0 + -3 + 8.
-1
What is the value of 10 + -5 - (302 + -278)?
-19
(9 - 7 - 12) + (7 + 3 - 21)
-21
What is 25 - 3 - (14 + 6 + -18) - 4?
16
What is the value of 0 + 8 + (-13 - 2)?
-7
13 + -10 + 1 + -18 + 3
-11
What is 54 + -39 + 10 + (-2 - -2)?
25
Calculate 24 + (-19 + 29 - 37).
-3
What is 58 + -49 - (3 + (-4 + 2 - 4))?
12
What is the value of 29 - 50 - (-6 + -47)?
32
13 + -20 + 12 + -3
2
Evaluate (0 - 0) + (-204 - -241) + (-1 - 20).
16
What is the value of (9 - (16 + 0 + -4)) + 14?
11
What is (-22 - -15) + 25 + -23?
-5
What is -3 - (-10 - 0) - 3 - (-165 + 165)?
4
Evaluate -6 + 6 + 7 + 4 + -20 + -6.
-15
What is the value of 13 + -2 + (-36 + -3 - -42)?
14
Evaluate 6 + (16 - 16) + -24 - (-6 + -1).
-11
-2 - (-5 - (26 + -5) - (-5 + 2))
21
(-4 - -19 - 21) + 22
16
4 - ((-17 + 5 - -1) + 18)
-3
Calculate 21 - (17 + -24 - -21).
7
Evaluate -9 + (14 - 6) - 3.
-4
Evaluate -14 + 13 - (-5 - -12 - 20).
12
What is the value of -11 - (4 + 13 + -41)?
13
Calculate -1 - 9 - (-26 + 38 + -15).
-7
2 + (-17 + (8 - -7) - 1)
-1
(8 - 3) + -17 + -6 + 4 + -4
-18
What is -3 - (27 + -30 + -13)?
13
What is the value of -26 - (6 + -16 + 12 - 11)?
-17
Evaluate -34 + (24 - (15 - (14 + -13))).
-24
What is 19 + -19 + 9 - (-17 + 25)?
1
What is -2 + (26 - (13 - 3)) + -1 + 0?
13
Calculate -1 + -4 + 0 + (15 - -26 - 28).
8
What is the value of 8 + ((-23 - -9) + 5 - 13)?
-14
What is -9 - (-7 - 5 - -11)?
-8
What is 17 + (10 - 16 - -6) + -1 + 2?
18
-14 + 9 + 7 + 6
8
(-94 - -97) + (-16 - -5) + 0
-8
Evaluate -41 + 44 - (3 - -7).
-7
Evaluate (99 - 86) + (-21 - 0).
-8
Calculate -1 - (-16 + 24 + -4).
-5
What is (0 - (4 + (1 - (6 - 2)))) + 1?
0
What is the value of (-8 - -3) + (6 - (11 + -4))?
-6
What is -1 + (-13 - -9) - (2 - 1 - 4)?
-2
What is 4 + (2 - -3 - 0) + -7?
2
Evaluate -1 + 7 + -4 - (-16 - -18 - 14).
14
Evaluate (-27 - (-15 + 39)) + 24.
-27
Evaluate -45 + 11 + (-32 - -46).
-20
What is the value of 13 + -36 + (41 - 34)?
-16
What is the value of 10 + -11 + (-18 - -9)?
-10
What is the value of 2 - (-11 + 2 + (2 - -4))?
5
What is -18 + -17 - (-23 - -4)?
-16
(2 + -7 - 3) + -3 + 2
-9
What is (-9 - (-3 + 5)) + 12?
1
What is (-1 - -37) + -4 - (-1 - (-1 - 2))?
30
-852 + 819 - (-1 + -2)
-30
What is the value of 89 + -178 - -94 - (0 - -29)?
-24
What is -476 + 475 + (1 - -24)?
24
What is -1 - (21 + (23 - 53))?
8
Calculate -3 + -2 + 4 - (-13 - 3 - -20).
-5
What is 1 - (-4 + -4) - (-10 + -10)?
29
Calculate -659 - -659 - (2 + -1 - (-7 - 2)).
-10
Evaluate (1 - -4) + (-1 - (14 + -2)) + 3.
-5
What is 8 + (-10 - 0) + 3 + 2?
3
What is the value of 2 + -8 + -1 + (15 - (-11 - -18))?
1
What is the value of -1 - -1 - (-834 - -847)?
-13
Calculate 30 + (-19 - (-4 + -8)).
23
Evaluate (-14 - -5) + 1 + 2.
-6
What is -176 + 159 + 0 + -5?
-22
Evaluate -46 + (71 - 32) + 2 + 10.
5
-12 + 11 + -2 + (85 - 101) + 8
-11
Evaluate 16 + -1 - (-741 - -775).
-19
-4 + (1 - (-2 + 7 + -2) - -7)
1
Evaluate -9 + -3 + 11 + -5 - -5.
-1
What is 1 - (9 + (14 - 16) + -12)?
6
What is the value of 4 + -6 + (-3 - -9) + -1 + 0?
3
What is the value of 34 + (-14 - 15) - 21?
-16
(2 - ((10 - (-6 + 11)) + 0)) + 4
1
Evaluate 7 + (-6 - -7) - ((-40 - -7) + 14).
27
What is -3 + 2 + 3 + (-20 - -14)?
-4
Calculate 0 + -4 + (-45 - -52) + (2 - -14).
19
23 + (-58 - (-32 + 10))
-13
What is -12 + 19 - (-8 - -4)?
11
-50 + -6 - (124 + -150)
-30
What is 45 - (-81 + 45 - -78)?
3
What is -11 - (-12 + (-17 - -6))?
12
What is 0 + 11 - (0 + 18 - 20)?
13
Evaluate -44 - -44 - (-10 + -4).
14
Calculate 9 + -6 + -9 - -12.
6
Evaluate 8 + 6 + (5 - 19) + 9.
9
(3 - (-1 + 0)) + (-9 - (9 + -15))
1
What is the value of 52 + -20 - ((2 - 4) + 7) - -5?
32
-6 + (-4 - (0 - (8 - -3) - -14))
-13
Evaluate 5 + (-7 - (-7 + 2)) + -15.
-12
Evaluate -21 - ((-45 - -14) + -18).
28
What is the value of (1 - 2) + (-22 - -5) + 20?
2
Calculate -4 - (-1 + -27 + 9).
15
Calculate -7 + 17 + -21 + 18.
7
Evaluate (-14 + -11 - -8) + (3 - -7).
-7
Calculate 26 - 11 - ((-2 + 6 - 3) + 4).
10
Calculate 3 + (0 - 2 - ((4 - 13) + 4)).
6
What is the value of 10 - -9 - (27 - 12)?
4
Calculate 9 - (-12 + 18 + 19).
-16
Calculate 19 - (5 + 18 + -26).
22
1 + 1 + -408 + 422
16
Evaluate 6 - -3 - ((-4 - 1) + 3) - 7.
4
Evaluate 32 + -88 + 43 + 41.
28
Calculate -3 - -5 - (14 - (-13 - -8) - 6).
-11
-198 + 204 - (0 + 13)
-7
Evaluate -5 + (-7 - 2) + 3 + 15.
4
Evaluate -31 - (4 - 22) - 1.
-14
8 + -14 - (3 + (10 - 5)) - -7
-7
What is (-4 - (-47 + 42 + -7 + 1)) + 7?
14
What is the value of -9 + (21 - 5 - 10)?
-3
What is the value of (-10 - (-30 - -9) - 5) + 15?
21
-3 + 38 + 0 + -18
17
What is the value of 30 + (-39 - -46 - (4 + -1 - -12))?
22
What is 36 - (28 - (-18 - -31))?
21
What is the value of (2 - 4) + (3 + -1 - (13 + -10))?
-3
What is 0 + 25 - (22 - 16 - 10)?
29
-13 + (15 - 15 - -14 - 13)
-12
What is -47 + -4 + (13 - -1) - -14?
-23
What is (6 - -1 - 22) + (-79 - -106)?
12
What is 13 - (-12 - -11) - (-22 - -16)?
20
Evaluate 3 + -14 - (-1 + -4).
-6
Evaluate 539 + -514 - (-1 - -15).
11
What is -9 + 51 + -54 + -1 + 3?
-10
Calculate -3 + 17 + (8 + -8 - 5).
9
Calculate -44 + (10 - -20) + -17.
-31
16 + 46 + -32 + 2 + -21
11
Evaluate (-2 - -7) + 7 + (0 - 6) - 9.
-3
Evaluate 19 + (45 - 72) + 37.
29
Calculate -23 + 4 + -16 + 23.
-12
-1 + -18 + -9 - -49
21
(-1 - (-17 + -6 + 16)) + -15
-9
-2 + 1 + -2 + 10 + -2 + -15
-10
(2 - (-6 + (8 - -3))) + 21 + 1
19
9 - ((-3 - 2) + 0) - 3
11
Evaluate -19 + 0 + (80 - 78).
-17
Calculate 2 - 2 - (0 + -5) - (4389 + -4351).
-33
What is -40 - -65 - (8 + 3)?
14
Calculate -15 + 23 - (23 + (-3 - 5)).
-7
What is the value of (19 - -29) + -9 - 71?
-32
36 + -25 - (25 + -18)
4
What is (19 + -16 - (-8 - 5)) + (-2 - 0)?
14
Evaluate -38 - ((7 - -13) + -39).
-19
What is the value of -5 - -49 - (-50 + 70)?
24
What is 28 + 9 + -1 + -19 + 20?
37
(17 - -10) + -4 + -20
3
What is the value of 4 + -3 + -10 + 14?
5
What is the value of 11 + (2 - (15 + 10))?
-12
What is -33 + 61 + -6 + -1 + 1?
22
What is the value of 2 - -1 - (-50 - -56)?
-3
Evaluate (-1 - 3) + 248 + -233 + (-1 - 13).
-3
Calculate -683 + 695 + (1 - 39).
-26
Evaluate -10 + (-12 - -7) + (9 + 3 - 4).
-7
(3 - (8 - -4 - 3)) + 7 + -1
0
What is the value of -19 + 6 - (-2 + -8) - -27?
24
What is the value of 3 - -1 - (-8 + 5 + 0) - -2?
9
Calculate -1 + (-1 - 14) - (-35 - -26).
-7
What is the value of -43 - -40 - (-1 - 3)?
1
-1 + (5 - 3) + -24 + 15
-8
What is the value of 9 + -4 - 34 - -10?
-19
Evaluate 20 - 31 - -8 - (4 + 0).
-7
0 + -6 + 0 - (2546 - 2577)
25
-93 - -72 - (-5 + -1)
-15
What is 7 - (8 - (5 - -14))?
18
What is the value of -7 - (1 + 4 + -8 + 4)?
-8
Evaluate -3 + (-5 - (-6 - (4 + -4 + -9))).
-11
What is -13 + (1 + -1 - -1) + -3 + 10?
-5
What is 18 + -1 + -7 + 8?
18
Calculate -8 + 1 + -3 + 24 - -11.
25
Calculate 317 + -282 - (18 + 1).
16
What is (8 - 1) + (94 - 179 - -82)?
4
-17 + 8 + -25 + 4 + 3
-27
5 + -5 - -1 - ((-14 - -8) + 5)
2
Calculate -3 + 11 - (5 + -10).
13
-67 + 111 - (20 - -1)
23
Evaluate -10